Last updated on 2024-05-02 05:12:38 CEST.
Flavor | Version | Tinstall | Tcheck | Ttotal | Status | Flags |
---|---|---|---|---|---|---|
r-devel-linux-x86_64-debian-clang | 0.0.2 | 17.48 | 246.63 | 264.11 | NOTE | |
r-devel-linux-x86_64-debian-gcc | 0.0.2 | 13.72 | 161.96 | 175.68 | NOTE | |
r-devel-linux-x86_64-fedora-clang | 0.0.2 | 317.59 | NOTE | |||
r-devel-linux-x86_64-fedora-gcc | 0.0.2 | 286.27 | NOTE | |||
r-devel-windows-x86_64 | 0.0.2 | 14.00 | 156.00 | 170.00 | NOTE | |
r-patched-linux-x86_64 | 0.0.2 | 13.90 | 219.31 | 233.21 | NOTE | |
r-release-linux-x86_64 | 0.0.2 | 14.18 | 220.62 | 234.80 | NOTE | |
r-release-macos-arm64 | 0.0.2 | 70.00 | NOTE | |||
r-release-windows-x86_64 | 0.0.2 | 15.00 | 158.00 | 173.00 | NOTE | |
r-oldrel-macos-arm64 | 0.0.2 | 72.00 | NOTE | |||
r-oldrel-macos-x86_64 | 0.0.2 | 126.00 | NOTE | |||
r-oldrel-windows-x86_64 | 0.0.2 | 18.00 | 203.00 | 221.00 | NOTE |
Version: 0.0.2
Check: LazyData
Result: NOTE
'LazyData' is specified without a 'data' directory
Flavors: r-devel-linux-x86_64-debian-clang, r-devel-linux-x86_64-debian-gcc, r-devel-linux-x86_64-fedora-clang, r-devel-linux-x86_64-fedora-gcc, r-devel-windows-x86_64, r-patched-linux-x86_64, r-release-linux-x86_64, r-release-macos-arm64, r-release-windows-x86_64, r-oldrel-macos-arm64, r-oldrel-macos-x86_64, r-oldrel-windows-x86_64