Last updated on 2024-05-01 16:52:56 CEST.
Flavor | Version | Tinstall | Tcheck | Ttotal | Status | Flags |
---|---|---|---|---|---|---|
r-devel-linux-x86_64-debian-clang | 0.11.0 | 42.09 | 72.68 | 114.77 | OK | |
r-devel-linux-x86_64-debian-gcc | 0.11.0 | 34.18 | 53.66 | 87.84 | OK | |
r-devel-linux-x86_64-fedora-clang | 0.11.0 | 152.71 | OK | |||
r-devel-linux-x86_64-fedora-gcc | 0.11.0 | 171.48 | OK | |||
r-devel-windows-x86_64 | 0.11.0 | 36.00 | 93.00 | 129.00 | OK | |
r-patched-linux-x86_64 | 0.11.0 | 42.01 | 68.73 | 110.74 | OK | |
r-release-linux-x86_64 | 0.11.0 | 40.76 | 67.46 | 108.22 | OK | |
r-release-macos-arm64 | 0.11.0 | 51.00 | NOTE | |||
r-release-windows-x86_64 | 0.11.0 | 36.00 | 92.00 | 128.00 | OK | |
r-oldrel-macos-arm64 | 0.11.0 | 51.00 | NOTE | |||
r-oldrel-macos-x86_64 | 0.11.0 | 78.00 | NOTE | |||
r-oldrel-windows-x86_64 | 0.11.0 | 44.00 | 109.00 | 153.00 | OK |
Version: 0.11.0
Check: installed package size
Result: NOTE
installed size is 11.2Mb
sub-directories of 1Mb or more:
doc 1.3Mb
libs 9.6Mb
Flavors: r-release-macos-arm64, r-oldrel-macos-arm64, r-oldrel-macos-x86_64