Last updated on 2024-05-01 16:52:56 CEST.
Flavor | Version | Tinstall | Tcheck | Ttotal | Status | Flags |
---|---|---|---|---|---|---|
r-devel-linux-x86_64-debian-clang | 0.2.4 | 123.42 | 34.66 | 158.08 | OK | |
r-devel-linux-x86_64-debian-gcc | 0.2.4 | 110.34 | 26.69 | 137.03 | OK | |
r-devel-linux-x86_64-fedora-clang | 0.2.4 | 261.02 | OK | |||
r-devel-linux-x86_64-fedora-gcc | 0.2.4 | 285.85 | OK | |||
r-devel-windows-x86_64 | 0.2.4 | 101.00 | 73.00 | 174.00 | OK | |
r-patched-linux-x86_64 | 0.2.4 | 134.72 | 33.86 | 168.58 | OK | |
r-release-linux-x86_64 | 0.2.4 | 137.36 | 32.79 | 170.15 | OK | |
r-release-macos-arm64 | 0.2.4 | 53.00 | NOTE | |||
r-release-windows-x86_64 | 0.2.4 | 101.00 | 72.00 | 173.00 | OK | |
r-oldrel-macos-arm64 | 0.2.4 | 73.00 | NOTE | |||
r-oldrel-macos-x86_64 | 0.2.4 | 144.00 | OK | |||
r-oldrel-windows-x86_64 | 0.2.4 | 107.00 | 75.00 | 182.00 | OK |
Version: 0.2.4
Check: installed package size
Result: NOTE
installed size is 5.0Mb
sub-directories of 1Mb or more:
libs 4.6Mb
Flavors: r-release-macos-arm64, r-oldrel-macos-arm64