Last updated on 2024-05-02 05:12:37 CEST.
Flavor | Version | Tinstall | Tcheck | Ttotal | Status | Flags |
---|---|---|---|---|---|---|
r-devel-linux-x86_64-debian-clang | 0.3 | 45.09 | 94.11 | 139.20 | NOTE | |
r-devel-linux-x86_64-debian-gcc | 0.3 | 34.94 | 69.66 | 104.60 | NOTE | |
r-devel-linux-x86_64-fedora-clang | 0.3 | 192.75 | NOTE | |||
r-devel-linux-x86_64-fedora-gcc | 0.3 | 186.05 | NOTE | |||
r-devel-windows-x86_64 | 0.3 | 42.00 | 101.00 | 143.00 | NOTE | |
r-patched-linux-x86_64 | 0.3 | 32.37 | 89.57 | 121.94 | NOTE | |
r-release-linux-x86_64 | 0.3 | 39.78 | 86.62 | 126.40 | NOTE | |
r-release-macos-arm64 | 0.3 | 49.00 | NOTE | |||
r-release-windows-x86_64 | 0.3 | 40.00 | 96.00 | 136.00 | NOTE | |
r-oldrel-macos-arm64 | 0.3 | 54.00 | NOTE | |||
r-oldrel-macos-x86_64 | 0.3 | 85.00 | NOTE | |||
r-oldrel-windows-x86_64 | 0.3 | 51.00 | 119.00 | 170.00 | NOTE |
Version: 0.3
Check: LazyData
Result: NOTE
'LazyData' is specified without a 'data' directory
Flavors: r-devel-linux-x86_64-debian-clang, r-devel-linux-x86_64-debian-gcc, r-devel-linux-x86_64-fedora-clang, r-devel-linux-x86_64-fedora-gcc, r-devel-windows-x86_64, r-patched-linux-x86_64, r-release-linux-x86_64, r-release-macos-arm64, r-release-windows-x86_64, r-oldrel-macos-arm64, r-oldrel-macos-x86_64, r-oldrel-windows-x86_64