Last updated on 2024-05-02 05:12:36 CEST.
Flavor | Version | Tinstall | Tcheck | Ttotal | Status | Flags |
---|---|---|---|---|---|---|
r-devel-linux-x86_64-debian-clang | 0.1.1 | 15.72 | 121.22 | 136.94 | OK | |
r-devel-linux-x86_64-debian-gcc | 0.1.1 | 12.30 | 89.25 | 101.55 | OK | |
r-devel-linux-x86_64-fedora-clang | 0.1.2 | 180.03 | NOTE | |||
r-devel-linux-x86_64-fedora-gcc | 0.1.2 | 167.53 | OK | |||
r-devel-windows-x86_64 | 0.1.2 | 12.00 | 112.00 | 124.00 | OK | |
r-patched-linux-x86_64 | 0.1.1 | 14.68 | 117.66 | 132.34 | OK | |
r-release-linux-x86_64 | 0.1.1 | 14.94 | 113.84 | 128.78 | OK | |
r-release-macos-arm64 | 0.1.2 | 49.00 | OK | |||
r-release-macos-x86_64 | 0.1.2 | 120.00 | OK | |||
r-release-windows-x86_64 | 0.1.1 | 14.00 | 103.00 | 117.00 | OK | |
r-oldrel-macos-arm64 | 0.1.1 | 55.00 | OK | |||
r-oldrel-macos-x86_64 | 0.1.1 | 115.00 | OK | |||
r-oldrel-windows-x86_64 | 0.1.1 | 17.00 | 130.00 | 147.00 | OK |
Version: 0.1.2
Check: Rd cross-references
Result: NOTE
Undeclared package ‘rstpm2’ in Rd xrefs
Flavor: r-devel-linux-x86_64-fedora-clang