Last updated on 2024-05-02 05:12:36 CEST.
Flavor | Version | Tinstall | Tcheck | Ttotal | Status | Flags |
---|---|---|---|---|---|---|
r-devel-linux-x86_64-debian-clang | 0.3.0 | 9.09 | 93.66 | 102.75 | NOTE | |
r-devel-linux-x86_64-debian-gcc | 0.3.0 | 5.89 | 69.90 | 75.79 | NOTE | |
r-devel-linux-x86_64-fedora-clang | 0.3.0 | 132.95 | NOTE | |||
r-devel-linux-x86_64-fedora-gcc | 0.3.0 | 142.27 | NOTE | |||
r-devel-windows-x86_64 | 0.3.0 | 7.00 | 83.00 | 90.00 | NOTE | |
r-patched-linux-x86_64 | 0.3.0 | 5.12 | 89.24 | 94.36 | NOTE | |
r-release-linux-x86_64 | 0.3.0 | 7.67 | 89.87 | 97.54 | NOTE | |
r-release-macos-arm64 | 0.3.0 | 64.00 | NOTE | |||
r-release-windows-x86_64 | 0.3.0 | 9.00 | 82.00 | 91.00 | NOTE | |
r-oldrel-macos-arm64 | 0.3.0 | 61.00 | NOTE | |||
r-oldrel-macos-x86_64 | 0.3.0 | 109.00 | NOTE | |||
r-oldrel-windows-x86_64 | 0.3.0 | 10.00 | 94.00 | 104.00 | NOTE |
Version: 0.3.0
Check: LazyData
Result: NOTE
'LazyData' is specified without a 'data' directory
Flavors: r-devel-linux-x86_64-debian-clang, r-devel-linux-x86_64-debian-gcc, r-devel-linux-x86_64-fedora-clang, r-devel-linux-x86_64-fedora-gcc, r-devel-windows-x86_64, r-patched-linux-x86_64, r-release-linux-x86_64, r-release-macos-arm64, r-release-windows-x86_64, r-oldrel-macos-arm64, r-oldrel-macos-x86_64, r-oldrel-windows-x86_64