Last updated on 2024-04-28 04:58:41 CEST.
Flavor | Version | Tinstall | Tcheck | Ttotal | Status | Flags |
---|---|---|---|---|---|---|
r-devel-linux-x86_64-debian-clang | 0.6.2 | 5.01 | 41.09 | 46.10 | NOTE | |
r-devel-linux-x86_64-debian-gcc | 0.6.2 | 3.69 | 32.24 | 35.93 | NOTE | |
r-devel-linux-x86_64-fedora-clang | 0.6.2 | 58.08 | NOTE | |||
r-devel-linux-x86_64-fedora-gcc | 0.6.2 | 56.02 | NOTE | |||
r-devel-windows-x86_64 | 0.6.2 | 6.00 | 58.00 | 64.00 | NOTE | |
r-patched-linux-x86_64 | 0.6.2 | 4.85 | 40.58 | 45.43 | NOTE | |
r-release-linux-x86_64 | 0.6.2 | 3.73 | 39.85 | 43.58 | OK | |
r-release-macos-arm64 | 0.6.2 | 23.00 | NOTE | |||
r-release-windows-x86_64 | 0.6.2 | 6.00 | 60.00 | 66.00 | NOTE | |
r-oldrel-macos-arm64 | 0.6.2 | 21.00 | OK | |||
r-oldrel-macos-x86_64 | 0.6.2 | 31.00 | OK | |||
r-oldrel-windows-x86_64 | 0.6.2 | 7.00 | 60.00 | 67.00 | OK |
Version: 0.6.2
Check: Rd files
Result: NOTE
checkRd: (-1) flex_dashboard.Rd:96: Lost braces; missing escapes or markup?
96 | the `{.storyboard}` attribute to individual pages rather than using the
| ^
Flavors: r-devel-linux-x86_64-debian-clang, r-devel-linux-x86_64-debian-gcc, r-devel-linux-x86_64-fedora-clang, r-devel-linux-x86_64-fedora-gcc, r-devel-windows-x86_64, r-patched-linux-x86_64, r-release-macos-arm64, r-release-windows-x86_64