Last updated on 2024-05-02 05:12:36 CEST.
Flavor | Version | Tinstall | Tcheck | Ttotal | Status | Flags |
---|---|---|---|---|---|---|
r-devel-linux-x86_64-debian-clang | 1.1.4 | 7.14 | 61.07 | 68.21 | NOTE | |
r-devel-linux-x86_64-debian-gcc | 1.1.4 | 5.84 | 45.79 | 51.63 | NOTE | |
r-devel-linux-x86_64-fedora-clang | 1.1.4 | 84.82 | NOTE | |||
r-devel-linux-x86_64-fedora-gcc | 1.1.4 | 79.51 | NOTE | |||
r-devel-windows-x86_64 | 1.1.4 | 8.00 | 65.00 | 73.00 | NOTE | |
r-patched-linux-x86_64 | 1.1.4 | 4.52 | 57.76 | 62.28 | NOTE | |
r-release-linux-x86_64 | 1.1.4 | 4.33 | 57.11 | 61.44 | NOTE | |
r-release-macos-arm64 | 1.1.4 | 26.00 | NOTE | |||
r-release-windows-x86_64 | 1.1.4 | 7.00 | 63.00 | 70.00 | NOTE | |
r-oldrel-macos-arm64 | 1.1.4 | 28.00 | NOTE | |||
r-oldrel-macos-x86_64 | 1.1.4 | 49.00 | NOTE | |||
r-oldrel-windows-x86_64 | 1.1.4 | 9.00 | 73.00 | 82.00 | NOTE |
Version: 1.1.4
Check: LazyData
Result: NOTE
'LazyData' is specified without a 'data' directory
Flavors: r-devel-linux-x86_64-debian-clang, r-devel-linux-x86_64-debian-gcc, r-devel-linux-x86_64-fedora-clang, r-devel-linux-x86_64-fedora-gcc, r-devel-windows-x86_64, r-patched-linux-x86_64, r-release-linux-x86_64, r-release-macos-arm64, r-release-windows-x86_64, r-oldrel-macos-arm64, r-oldrel-macos-x86_64, r-oldrel-windows-x86_64