Last updated on 2024-04-27 04:55:06 CEST.
Flavor | Version | Tinstall | Tcheck | Ttotal | Status | Flags |
---|---|---|---|---|---|---|
r-devel-linux-x86_64-debian-clang | 2.1.1 | 32.40 | 27.66 | 60.06 | NOTE | |
r-devel-linux-x86_64-debian-gcc | 2.1.1 | 30.02 | 21.01 | 51.03 | NOTE | |
r-devel-linux-x86_64-fedora-clang | 2.1.1 | 75.42 | NOTE | |||
r-devel-linux-x86_64-fedora-gcc | 2.1.1 | 100.27 | NOTE | |||
r-devel-windows-x86_64 | 2.1.1 | 32.00 | 55.00 | 87.00 | NOTE | |
r-patched-linux-x86_64 | 2.1.1 | 38.55 | 25.53 | 64.08 | NOTE | |
r-release-linux-x86_64 | 2.1.1 | 39.98 | 26.45 | 66.43 | NOTE | |
r-release-macos-arm64 | 2.1.1 | 25.00 | NOTE | |||
r-release-windows-x86_64 | 2.1.1 | 39.00 | 55.00 | 94.00 | NOTE | |
r-oldrel-macos-arm64 | 2.1.1 | 29.00 | NOTE | |||
r-oldrel-macos-x86_64 | 2.1.1 | 41.00 | NOTE | |||
r-oldrel-windows-x86_64 | 2.1.1 | 34.00 | 57.00 | 91.00 | NOTE |
Version: 2.1.1
Check: C++ specification
Result: NOTE
Specified C++11: please drop specification unless essential
Flavors: r-devel-linux-x86_64-debian-clang, r-devel-linux-x86_64-debian-gcc, r-devel-linux-x86_64-fedora-clang, r-devel-linux-x86_64-fedora-gcc, r-devel-windows-x86_64, r-patched-linux-x86_64, r-release-linux-x86_64, r-release-macos-arm64, r-release-windows-x86_64, r-oldrel-macos-arm64, r-oldrel-macos-x86_64, r-oldrel-windows-x86_64
Version: 2.1.1
Check: installed package size
Result: NOTE
installed size is 5.3Mb
sub-directories of 1Mb or more:
help 1.6Mb
libs 3.7Mb
Flavor: r-oldrel-macos-x86_64