Last updated on 2024-05-01 16:52:53 CEST.
Flavor | Version | Tinstall | Tcheck | Ttotal | Status | Flags |
---|---|---|---|---|---|---|
r-devel-linux-x86_64-debian-clang | 7.0.2 | 170.25 | 108.60 | 278.85 | OK | |
r-devel-linux-x86_64-debian-gcc | 7.0.2 | 120.23 | 79.54 | 199.77 | OK | |
r-devel-linux-x86_64-fedora-clang | 7.0.2 | 409.47 | OK | |||
r-devel-linux-x86_64-fedora-gcc | 7.0.2 | 390.37 | OK | |||
r-devel-windows-x86_64 | 7.0.2 | 123.00 | 116.00 | 239.00 | OK | |
r-patched-linux-x86_64 | 7.0.2 | 148.95 | 103.98 | 252.93 | OK | |
r-release-linux-x86_64 | 7.0.2 | 156.68 | 101.36 | 258.04 | OK | |
r-release-macos-arm64 | 7.0.2 | 81.00 | NOTE | |||
r-release-macos-x86_64 | 7.0.2 | 138.00 | NOTE | |||
r-release-windows-x86_64 | 7.0.2 | 129.00 | 120.00 | 249.00 | OK | |
r-oldrel-macos-arm64 | 7.0.2 | 87.00 | NOTE | |||
r-oldrel-macos-x86_64 | 7.0.2 | 132.00 | NOTE | |||
r-oldrel-windows-x86_64 | 7.0.2 | 149.00 | 138.00 | 287.00 | OK |
Version: 7.0.2
Check: installed package size
Result: NOTE
installed size is 5.7Mb
sub-directories of 1Mb or more:
doc 1.3Mb
libs 3.6Mb
Flavors: r-release-macos-arm64, r-release-macos-x86_64, r-oldrel-macos-arm64, r-oldrel-macos-x86_64