Last updated on 2024-05-02 05:12:35 CEST.
Flavor | Version | Tinstall | Tcheck | Ttotal | Status | Flags |
---|---|---|---|---|---|---|
r-devel-linux-x86_64-debian-clang | 1.1.4 | 12.79 | 231.38 | 244.17 | OK | |
r-devel-linux-x86_64-debian-gcc | 1.1.4 | 14.35 | 173.83 | 188.18 | OK | |
r-devel-linux-x86_64-fedora-clang | 1.1.4 | 311.49 | NOTE | |||
r-devel-linux-x86_64-fedora-gcc | 1.1.4 | 298.54 | OK | |||
r-devel-windows-x86_64 | 1.1.4 | 15.00 | 251.00 | 266.00 | OK | |
r-patched-linux-x86_64 | 1.1.4 | 17.10 | 224.12 | 241.22 | OK | |
r-release-linux-x86_64 | 1.1.4 | 16.31 | 177.25 | 193.56 | NOTE | |
r-release-macos-arm64 | 1.1.4 | 82.00 | OK | |||
r-release-macos-x86_64 | 1.1.4 | 214.00 | OK | |||
r-release-windows-x86_64 | 1.1.4 | 15.00 | 253.00 | 268.00 | OK | |
r-oldrel-macos-arm64 | 1.1.4 | 86.00 | OK | |||
r-oldrel-macos-x86_64 | 1.1.4 | 233.00 | OK | |||
r-oldrel-windows-x86_64 | 1.1.4 | 21.00 | 272.00 | 293.00 | OK |
Version: 1.1.4
Check: Rd cross-references
Result: NOTE
Undeclared package ‘textrecipes’ in Rd xrefs
Flavor: r-devel-linux-x86_64-fedora-clang
Version: 1.1.4
Check: package dependencies
Result: NOTE
Package suggested but not available for checking: ‘rstanarm’
Flavor: r-release-linux-x86_64