Last updated on 2024-04-23 16:58:13 CEST.
Flavor | Version | Tinstall | Tcheck | Ttotal | Status | Flags |
---|---|---|---|---|---|---|
r-devel-linux-x86_64-debian-clang | 0.2.0 | 18.03 | 122.21 | 140.24 | NOTE | |
r-devel-linux-x86_64-debian-gcc | 0.2.0 | 16.24 | 88.45 | 104.69 | NOTE | |
r-devel-linux-x86_64-fedora-clang | 0.2.0 | 173.13 | NOTE | |||
r-devel-linux-x86_64-fedora-gcc | 0.2.0 | 160.96 | NOTE | |||
r-prerel-macos-arm64 | 0.2.0 | 43.00 | NOTE | |||
r-prerel-windows-x86_64 | 0.2.0 | 20.00 | 102.00 | 122.00 | NOTE | |
r-patched-linux-x86_64 | 0.2.0 | 12.80 | 117.54 | 130.34 | NOTE | |
r-release-linux-x86_64 | 0.2.0 | 12.83 | 117.38 | 130.21 | OK | |
r-release-macos-arm64 | 0.2.0 | 54.00 | OK | |||
r-release-macos-x86_64 | 0.2.0 | 83.00 | OK | |||
r-release-windows-x86_64 | 0.2.0 | 25.00 | 123.00 | 148.00 | OK | |
r-oldrel-macos-arm64 | 0.2.0 | 44.00 | OK | |||
r-oldrel-windows-x86_64 | 0.2.0 | 25.00 | 120.00 | 145.00 | OK |
Version: 0.2.0
Check: Rd files
Result: NOTE
checkRd: (-1) edm2psd.Rd:10: Lost braces; missing escapes or markup?
10 | \item{D}{A matrix in the set D_{n}^{-}.}
| ^
checkRd: (-1) edm2psd.Rd:10: Lost braces; missing escapes or markup?
10 | \item{D}{A matrix in the set D_{n}^{-}.}
| ^
Flavors: r-devel-linux-x86_64-debian-clang, r-devel-linux-x86_64-debian-gcc, r-devel-linux-x86_64-fedora-clang, r-devel-linux-x86_64-fedora-gcc, r-prerel-macos-arm64, r-prerel-windows-x86_64, r-patched-linux-x86_64