Last updated on 2024-05-02 05:12:35 CEST.
Flavor | Version | Tinstall | Tcheck | Ttotal | Status | Flags |
---|---|---|---|---|---|---|
r-devel-linux-x86_64-debian-clang | 0.4-6 | 36.83 | 100.76 | 137.59 | OK | |
r-devel-linux-x86_64-debian-gcc | 0.4-6 | 35.79 | 73.52 | 109.31 | OK | |
r-devel-linux-x86_64-fedora-clang | 0.4-6 | 189.15 | OK | |||
r-devel-linux-x86_64-fedora-gcc | 0.4-6 | 180.90 | OK | |||
r-devel-windows-x86_64 | 0.4-6 | 35.00 | 107.00 | 142.00 | OK | |
r-patched-linux-x86_64 | 0.4-6 | 39.37 | 96.05 | 135.42 | OK | |
r-release-linux-x86_64 | 0.4-6 | 39.71 | 94.96 | 134.67 | OK | |
r-release-macos-arm64 | 0.4-6 | 52.00 | NOTE | |||
r-release-windows-x86_64 | 0.4-6 | 36.00 | 108.00 | 144.00 | OK | |
r-oldrel-macos-arm64 | 0.4-6 | 57.00 | NOTE | |||
r-oldrel-macos-x86_64 | 0.4-6 | 147.00 | NOTE | |||
r-oldrel-windows-x86_64 | 0.4-6 | 42.00 | 134.00 | 176.00 | OK |
Version: 0.4-6
Check: installed package size
Result: NOTE
installed size is 5.6Mb
sub-directories of 1Mb or more:
libs 5.4Mb
Flavors: r-release-macos-arm64, r-oldrel-macos-arm64, r-oldrel-macos-x86_64