Last updated on 2024-04-28 16:52:47 CEST.
Flavor | Version | Tinstall | Tcheck | Ttotal | Status | Flags |
---|---|---|---|---|---|---|
r-devel-linux-x86_64-debian-clang | 2.9.3 | 39.29 | 269.06 | 308.35 | OK | |
r-devel-linux-x86_64-debian-gcc | 2.9.3 | 29.05 | 191.51 | 220.56 | OK | |
r-devel-linux-x86_64-fedora-clang | 2.9.3 | 291.70 | OK | |||
r-devel-linux-x86_64-fedora-gcc | 2.9.3 | 284.92 | OK | |||
r-devel-windows-x86_64 | 2.9.3 | 35.00 | 237.00 | 272.00 | OK | |
r-patched-linux-x86_64 | 2.9.3 | 37.80 | 258.56 | 296.36 | OK | |
r-release-linux-x86_64 | 2.9.3 | 37.56 | 249.70 | 287.26 | OK | |
r-release-macos-arm64 | 2.9.3 | 92.00 | OK | |||
r-release-macos-x86_64 | 2.9.3 | 342.00 | NOTE | |||
r-release-windows-x86_64 | 2.9.3 | 33.00 | 236.00 | 269.00 | OK | |
r-oldrel-macos-arm64 | 2.9.3 | 95.00 | OK | |||
r-oldrel-macos-x86_64 | 2.9.3 | 292.00 | OK | |||
r-oldrel-windows-x86_64 | 2.9.3 | 38.00 | 301.00 | 339.00 | OK |
Version: 2.9.3
Check: package dependencies
Result: NOTE
Packages suggested but not available for checking: 'distrMod', 'ROptEst'
Package which this enhances but not available for checking: ‘RobAStBase’
Flavor: r-release-macos-x86_64
Version: 2.9.3
Check: Rd cross-references
Result: NOTE
Unknown packages ‘distrMod’, ‘RobAStBase’ in Rd xrefs
Flavor: r-release-macos-x86_64