Last updated on 2024-04-23 05:06:06 CEST.
Flavor | Version | Tinstall | Tcheck | Ttotal | Status | Flags |
---|---|---|---|---|---|---|
r-devel-linux-x86_64-debian-clang | 1.0.2 | 3.80 | 53.78 | 57.58 | OK | |
r-devel-linux-x86_64-debian-gcc | 1.0.2 | 2.99 | 40.15 | 43.14 | OK | |
r-devel-linux-x86_64-fedora-clang | 1.0.2 | 74.07 | NOTE | |||
r-devel-linux-x86_64-fedora-gcc | 1.0.2 | 82.07 | NOTE | |||
r-prerel-macos-arm64 | 1.0.2 | 27.00 | OK | |||
r-prerel-windows-x86_64 | 1.0.2 | 5.00 | 60.00 | 65.00 | OK | |
r-patched-linux-x86_64 | 1.0.2 | 5.53 | 52.43 | 57.96 | OK | |
r-release-linux-x86_64 | 1.0.2 | 2.76 | 51.39 | 54.15 | OK | |
r-release-macos-arm64 | 1.0.2 | 35.00 | OK | |||
r-release-macos-x86_64 | 1.0.2 | 47.00 | OK | |||
r-release-windows-x86_64 | 1.0.2 | 7.00 | 66.00 | 73.00 | OK | |
r-oldrel-macos-arm64 | 1.0.2 | 26.00 | NOTE | |||
r-oldrel-windows-x86_64 | 1.0.2 | 7.00 | 70.00 | 77.00 | OK |
Version: 1.0.2
Check: dependencies in R code
Result: NOTE
Namespace in Imports field not imported from: ‘pspearman’
All declared Imports should be used.
Flavors: r-devel-linux-x86_64-fedora-clang, r-devel-linux-x86_64-fedora-gcc, r-oldrel-macos-arm64