Last updated on 2024-04-28 04:58:37 CEST.
Flavor | Version | Tinstall | Tcheck | Ttotal | Status | Flags |
---|---|---|---|---|---|---|
r-devel-linux-x86_64-debian-clang | 0.0.4 | 41.86 | 29.47 | 71.33 | NOTE | |
r-devel-linux-x86_64-debian-gcc | 0.0.4 | 28.67 | 22.57 | 51.24 | NOTE | |
r-devel-linux-x86_64-fedora-clang | 0.0.4 | 109.12 | NOTE | |||
r-devel-linux-x86_64-fedora-gcc | 0.0.4 | 97.49 | NOTE | |||
r-devel-windows-x86_64 | 0.0.4 | 47.00 | 66.00 | 113.00 | NOTE | |
r-patched-linux-x86_64 | 0.0.4 | 37.22 | 28.34 | 65.56 | NOTE | |
r-release-linux-x86_64 | 0.0.4 | 38.63 | 28.69 | 67.32 | NOTE | |
r-release-macos-arm64 | 0.0.4 | 35.00 | NOTE | |||
r-release-windows-x86_64 | 0.0.4 | 51.00 | 75.00 | 126.00 | NOTE | |
r-oldrel-macos-arm64 | 0.0.4 | 40.00 | NOTE | |||
r-oldrel-macos-x86_64 | 0.0.4 | 59.00 | NOTE | |||
r-oldrel-windows-x86_64 | 0.0.4 | 58.00 | 201.00 | 259.00 | NOTE |
Version: 0.0.4
Check: C++ specification
Result: NOTE
Specified C++11: please drop specification unless essential
Flavors: r-devel-linux-x86_64-debian-clang, r-devel-linux-x86_64-debian-gcc, r-devel-linux-x86_64-fedora-clang, r-devel-linux-x86_64-fedora-gcc, r-devel-windows-x86_64, r-patched-linux-x86_64, r-release-linux-x86_64, r-release-macos-arm64, r-release-windows-x86_64, r-oldrel-macos-arm64, r-oldrel-macos-x86_64, r-oldrel-windows-x86_64
Version: 0.0.4
Check: installed package size
Result: NOTE
installed size is 5.4Mb
sub-directories of 1Mb or more:
libs 2.6Mb
sample_data 2.6Mb
Flavors: r-release-macos-arm64, r-oldrel-macos-arm64, r-oldrel-macos-x86_64