Last updated on 2024-05-02 05:12:30 CEST.
Flavor | Version | Tinstall | Tcheck | Ttotal | Status | Flags |
---|---|---|---|---|---|---|
r-devel-linux-x86_64-debian-clang | 0.8.7 | 13.61 | 223.73 | 237.34 | OK | |
r-devel-linux-x86_64-debian-gcc | 0.8.7 | 11.99 | 164.02 | 176.01 | OK | |
r-devel-linux-x86_64-fedora-clang | 0.8.7 | 307.09 | NOTE | |||
r-devel-linux-x86_64-fedora-gcc | 0.8.7 | 291.51 | OK | |||
r-devel-windows-x86_64 | 0.8.7 | 13.00 | 171.00 | 184.00 | OK | |
r-patched-linux-x86_64 | 0.8.7 | 9.57 | 210.97 | 220.54 | OK | |
r-release-linux-x86_64 | 0.8.7 | 10.09 | 212.46 | 222.55 | OK | |
r-release-macos-arm64 | 0.8.7 | 84.00 | OK | |||
r-release-macos-x86_64 | 0.8.7 | 196.00 | OK | |||
r-release-windows-x86_64 | 0.8.7 | 14.00 | 170.00 | 184.00 | OK | |
r-oldrel-macos-arm64 | 0.8.7 | 90.00 | OK | |||
r-oldrel-macos-x86_64 | 0.8.7 | 207.00 | OK | |||
r-oldrel-windows-x86_64 | 0.8.7 | 16.00 | 226.00 | 242.00 | OK |
Version: 0.8.7
Check: Rd cross-references
Result: NOTE
Undeclared package ‘generics’ in Rd xrefs
Flavor: r-devel-linux-x86_64-fedora-clang