Last updated on 2024-04-18 04:58:41 CEST.
Flavor | Version | Tinstall | Tcheck | Ttotal | Status | Flags |
---|---|---|---|---|---|---|
r-devel-linux-x86_64-debian-clang | 4.8.4 | 33.22 | 746.93 | 780.15 | OK | |
r-devel-linux-x86_64-debian-gcc | 4.8.4 | 27.15 | 535.45 | 562.60 | OK | |
r-devel-linux-x86_64-fedora-clang | 4.8.4 | 1036.60 | OK | |||
r-devel-linux-x86_64-fedora-gcc | 4.8.4 | 1004.33 | OK | |||
r-prerel-macos-arm64 | 4.8.4 | 268.00 | OK | |||
r-prerel-macos-x86_64 | 4.8.4 | 506.00 | OK | |||
r-prerel-windows-x86_64 | 4.8.4 | 31.00 | 500.00 | 531.00 | OK | |
r-patched-linux-x86_64 | 4.8.4 | 27.48 | 718.93 | 746.41 | OK | |
r-release-linux-x86_64 | 4.8.4 | 29.53 | 724.55 | 754.08 | OK | |
r-release-macos-arm64 | 4.8.4 | 11.00 | ERROR | |||
r-release-macos-x86_64 | 4.8.4 | 8.00 | ERROR | |||
r-release-windows-x86_64 | 4.8.4 | 43.00 | 664.00 | 707.00 | OK | |
r-oldrel-macos-arm64 | 4.8.4 | 223.00 | OK | |||
r-oldrel-windows-x86_64 | 4.8.4 | 44.00 | 659.00 | 703.00 | OK |
Version: 4.8.4
Check: package dependencies
Result: ERROR
Package required but not available: ‘phyloseq’
See section ‘The DESCRIPTION file’ in the ‘Writing R Extensions’
manual.
Flavors: r-release-macos-arm64, r-release-macos-x86_64