Last updated on 2024-05-02 05:12:30 CEST.
Flavor | Version | Tinstall | Tcheck | Ttotal | Status | Flags |
---|---|---|---|---|---|---|
r-devel-linux-x86_64-debian-clang | 0.2 | 50.83 | 38.40 | 89.23 | NOTE | |
r-devel-linux-x86_64-debian-gcc | 0.2 | 38.41 | 29.47 | 67.88 | NOTE | |
r-devel-linux-x86_64-fedora-clang | 0.2 | 131.28 | NOTE | |||
r-devel-linux-x86_64-fedora-gcc | 0.2 | 126.42 | NOTE | |||
r-devel-windows-x86_64 | 0.2 | 42.00 | 67.00 | 109.00 | NOTE | |
r-patched-linux-x86_64 | 0.2 | 33.57 | 36.57 | 70.14 | NOTE | |
r-release-linux-x86_64 | 0.2 | 36.05 | 36.89 | 72.94 | NOTE | |
r-release-macos-arm64 | 0.2 | 36.00 | NOTE | |||
r-release-windows-x86_64 | 0.2 | 43.00 | 71.00 | 114.00 | NOTE | |
r-oldrel-macos-arm64 | 0.2 | 37.00 | NOTE | |||
r-oldrel-macos-x86_64 | 0.2 | 61.00 | NOTE | |||
r-oldrel-windows-x86_64 | 0.2 | 50.00 | 79.00 | 129.00 | NOTE |
Version: 0.2
Check: LazyData
Result: NOTE
'LazyData' is specified without a 'data' directory
Flavors: r-devel-linux-x86_64-debian-clang, r-devel-linux-x86_64-debian-gcc, r-devel-linux-x86_64-fedora-clang, r-devel-linux-x86_64-fedora-gcc, r-devel-windows-x86_64, r-patched-linux-x86_64, r-release-linux-x86_64, r-release-macos-arm64, r-release-windows-x86_64, r-oldrel-macos-arm64, r-oldrel-macos-x86_64, r-oldrel-windows-x86_64