Last updated on 2024-03-29 04:54:28 CET.
Flavor | Version | Tinstall | Tcheck | Ttotal | Status | Flags |
---|---|---|---|---|---|---|
r-devel-linux-x86_64-debian-clang | 3.1-4 | 15.17 | 191.57 | 206.74 | OK | |
r-devel-linux-x86_64-debian-gcc | 3.1-4 | 10.10 | 140.18 | 150.28 | OK | |
r-devel-linux-x86_64-fedora-clang | 3.1-4 | 250.29 | OK | |||
r-devel-linux-x86_64-fedora-gcc | 3.1-4 | 258.24 | OK | |||
r-devel-windows-x86_64 | 3.1-4 | 12.00 | 194.00 | 206.00 | OK | |
r-patched-linux-x86_64 | 3.1-4 | 12.56 | 187.05 | 199.61 | OK | |
r-release-linux-x86_64 | 3.1-4 | 14.25 | 181.45 | 195.70 | OK | |
r-release-macos-arm64 | 3.1-4 | 86.00 | OK | |||
r-release-macos-x86_64 | 3.1-4 | 136.00 | NOTE | |||
r-release-windows-x86_64 | 3.1-4 | 16.00 | 221.00 | 237.00 | OK | |
r-oldrel-macos-arm64 | 3.1-4 | 78.00 | OK | |||
r-oldrel-windows-x86_64 | 3.1-4 | 17.00 | 224.00 | 241.00 | OK |
Version: 3.1-4
Check: package dependencies
Result: NOTE
Package suggested but not available for checking: ‘car’
Flavor: r-release-macos-x86_64
Version: 3.1-4
Check: re-building of vignette outputs
Result: NOTE
Note: skipping ‘betareg.Rnw’ due to unavailable dependencies: 'car'
Flavor: r-release-macos-x86_64