Last updated on 2024-04-23 16:58:09 CEST.
Flavor | Version | Tinstall | Tcheck | Ttotal | Status | Flags |
---|---|---|---|---|---|---|
r-devel-linux-x86_64-debian-clang | 0.37.3 | 7.70 | 90.73 | 98.43 | OK | |
r-devel-linux-x86_64-debian-gcc | 0.37.3 | 8.36 | 64.84 | 73.20 | OK | |
r-devel-linux-x86_64-fedora-clang | 0.37.3 | 123.45 | OK | |||
r-devel-linux-x86_64-fedora-gcc | 0.37.3 | 117.53 | OK | |||
r-prerel-macos-arm64 | 0.37.3 | 37.00 | OK | |||
r-prerel-windows-x86_64 | 0.37.3 | 9.00 | 88.00 | 97.00 | OK | |
r-patched-linux-x86_64 | 0.37.3 | 11.68 | 85.27 | 96.95 | OK | |
r-release-linux-x86_64 | 0.37.3 | 11.55 | 88.23 | 99.78 | OK | |
r-release-macos-arm64 | 0.37.3 | 40.00 | OK | |||
r-release-macos-x86_64 | 0.37.3 | 65.00 | NOTE | |||
r-release-windows-x86_64 | 0.37.3 | 13.00 | 108.00 | 121.00 | OK | |
r-oldrel-macos-arm64 | 0.37.3 | 35.00 | OK | |||
r-oldrel-windows-x86_64 | 0.37.3 | 12.00 | 114.00 | 126.00 | OK |
Version: 0.37.3
Check: package dependencies
Result: NOTE
Package which this enhances but not available for checking: ‘caret’
Flavor: r-release-macos-x86_64