Last updated on 2024-03-29 04:54:27 CET.
Flavor | Version | Tinstall | Tcheck | Ttotal | Status | Flags |
---|---|---|---|---|---|---|
r-devel-linux-x86_64-debian-clang | 2.2 | 42.84 | 29.39 | 72.23 | NOTE | |
r-devel-linux-x86_64-debian-gcc | 2.2 | 30.04 | 22.74 | 52.78 | NOTE | |
r-devel-linux-x86_64-fedora-clang | 2.2 | 98.57 | NOTE | |||
r-devel-linux-x86_64-fedora-gcc | 2.2 | 100.07 | NOTE | |||
r-devel-windows-x86_64 | 2.2 | 32.00 | 68.00 | 100.00 | NOTE | |
r-patched-linux-x86_64 | 2.2 | 40.09 | 29.10 | 69.19 | NOTE | |
r-release-linux-x86_64 | 2.2 | 38.15 | 28.38 | 66.53 | NOTE | |
r-release-macos-arm64 | 2.2 | 29.00 | NOTE | |||
r-release-macos-x86_64 | 2.2 | 46.00 | NOTE | |||
r-release-windows-x86_64 | 2.2 | 39.00 | 71.00 | 110.00 | NOTE | |
r-oldrel-macos-arm64 | 2.2 | 28.00 | OK | |||
r-oldrel-windows-x86_64 | 2.2 | 37.00 | 69.00 | 106.00 | OK |
Version: 2.2
Check: C++ specification
Result: NOTE
Specified C++11: please drop specification unless essential
Flavors: r-devel-linux-x86_64-debian-clang, r-devel-linux-x86_64-debian-gcc, r-devel-linux-x86_64-fedora-clang, r-devel-linux-x86_64-fedora-gcc, r-devel-windows-x86_64, r-patched-linux-x86_64, r-release-linux-x86_64, r-release-macos-arm64, r-release-macos-x86_64, r-release-windows-x86_64