Last updated on 2024-04-23 05:06:02 CEST.
Flavor | Version | Tinstall | Tcheck | Ttotal | Status | Flags |
---|---|---|---|---|---|---|
r-devel-linux-x86_64-debian-clang | 3.3.1 | 33.20 | 217.63 | 250.83 | NOTE | |
r-devel-linux-x86_64-debian-gcc | 3.3.1 | 25.90 | 152.71 | 178.61 | NOTE | |
r-devel-linux-x86_64-fedora-clang | 3.3.1 | 304.42 | NOTE | |||
r-devel-linux-x86_64-fedora-gcc | 3.3.1 | 293.01 | NOTE | |||
r-prerel-macos-arm64 | 3.3.1 | 72.00 | NOTE | |||
r-prerel-macos-x86_64 | 3.3.1 | 196.00 | NOTE | |||
r-prerel-windows-x86_64 | 3.3.1 | 29.00 | 178.00 | 207.00 | NOTE | |
r-patched-linux-x86_64 | 3.3.1 | 39.63 | 202.29 | 241.92 | NOTE | |
r-release-linux-x86_64 | 3.3.1 | 28.06 | 210.63 | 238.69 | NOTE | |
r-release-macos-arm64 | 3.3.1 | 101.00 | NOTE | |||
r-release-macos-x86_64 | 3.3.1 | 188.00 | NOTE | |||
r-release-windows-x86_64 | 3.3.1 | 40.00 | 212.00 | 252.00 | NOTE | |
r-oldrel-macos-arm64 | 3.3.1 | 73.00 | NOTE | |||
r-oldrel-windows-x86_64 | 3.3.1 | 37.00 | 194.00 | 231.00 | NOTE |
Version: 3.3.1
Check: package dependencies
Result: NOTE
Packages suggested but not available for checking:
'sfit', 'expectile', 'HaarSeg', 'mpcbs'
Flavors: r-devel-linux-x86_64-debian-clang, r-devel-linux-x86_64-debian-gcc, r-devel-linux-x86_64-fedora-clang, r-devel-linux-x86_64-fedora-gcc, r-prerel-macos-arm64, r-prerel-macos-x86_64, r-prerel-windows-x86_64, r-patched-linux-x86_64, r-release-linux-x86_64, r-release-windows-x86_64, r-oldrel-macos-arm64, r-oldrel-windows-x86_64
Version: 3.3.1
Check: package dependencies
Result: NOTE
Packages suggested but not available for checking:
'GLAD', 'sfit', 'expectile', 'HaarSeg', 'mpcbs'
Flavors: r-release-macos-arm64, r-release-macos-x86_64
Version: 3.3.1
Check: Rd cross-references
Result: NOTE
Package unavailable to check Rd xrefs: ‘GLAD’
Flavors: r-release-macos-arm64, r-release-macos-x86_64