Last updated on 2024-04-23 05:06:02 CEST.
Flavor | Version | Tinstall | Tcheck | Ttotal | Status | Flags |
---|---|---|---|---|---|---|
r-devel-linux-x86_64-debian-clang | 1.0-0 | 1.83 | 20.61 | 22.44 | NOTE | |
r-devel-linux-x86_64-debian-gcc | 1.0-0 | 1.58 | 16.15 | 17.73 | NOTE | |
r-devel-linux-x86_64-fedora-clang | 1.0-0 | 28.67 | NOTE | |||
r-devel-linux-x86_64-fedora-gcc | 1.0-0 | 27.95 | NOTE | |||
r-prerel-macos-arm64 | 1.0-0 | 13.00 | NOTE | |||
r-prerel-windows-x86_64 | 1.0-0 | 2.00 | 35.00 | 37.00 | NOTE | |
r-patched-linux-x86_64 | 1.0-0 | 1.78 | 20.10 | 21.88 | NOTE | |
r-release-linux-x86_64 | 1.0-0 | 1.90 | 20.05 | 21.95 | NOTE | |
r-release-macos-arm64 | 1.0-0 | 16.00 | NOTE | |||
r-release-macos-x86_64 | 1.0-0 | 18.00 | NOTE | |||
r-release-windows-x86_64 | 1.0-0 | 4.00 | 34.00 | 38.00 | NOTE | |
r-oldrel-macos-arm64 | 1.0-0 | 15.00 | NOTE | |||
r-oldrel-windows-x86_64 | 1.0-0 | 7.00 | 41.00 | 48.00 | NOTE |
Version: 1.0-0
Check: LazyData
Result: NOTE
'LazyData' is specified without a 'data' directory
Flavors: r-devel-linux-x86_64-debian-clang, r-devel-linux-x86_64-debian-gcc, r-devel-linux-x86_64-fedora-clang, r-devel-linux-x86_64-fedora-gcc, r-prerel-macos-arm64, r-prerel-windows-x86_64, r-patched-linux-x86_64, r-release-linux-x86_64, r-release-macos-arm64, r-release-macos-x86_64, r-release-windows-x86_64, r-oldrel-macos-arm64, r-oldrel-windows-x86_64