Last updated on 2024-04-25 16:49:14 CEST.
Flavor | Version | Tinstall | Tcheck | Ttotal | Status | Flags |
---|---|---|---|---|---|---|
r-devel-linux-x86_64-debian-clang | 0.2.1 | 7.92 | 38.95 | 46.87 | NOTE | |
r-devel-linux-x86_64-debian-gcc | 0.2.1 | 5.56 | 28.38 | 33.94 | NOTE | |
r-devel-linux-x86_64-fedora-clang | 0.2.1 | 55.40 | NOTE | |||
r-devel-linux-x86_64-fedora-gcc | 0.2.1 | 53.16 | NOTE | |||
r-devel-windows-x86_64 | 0.2.1 | 6.00 | 49.00 | 55.00 | NOTE | |
r-patched-linux-x86_64 | 0.2.1 | 5.63 | 37.48 | 43.11 | NOTE | |
r-release-linux-x86_64 | 0.2.1 | 6.54 | 36.72 | 43.26 | NOTE | |
r-release-macos-arm64 | 0.2.1 | 19.00 | NOTE | |||
r-release-windows-x86_64 | 0.2.1 | 6.00 | 49.00 | 55.00 | NOTE | |
r-oldrel-macos-arm64 | 0.2.1 | 21.00 | NOTE | |||
r-oldrel-macos-x86_64 | 0.2.1 | 29.00 | NOTE | |||
r-oldrel-windows-x86_64 | 0.2.1 | 9.00 | 53.00 | 62.00 | NOTE |
Version: 0.2.1
Check: LazyData
Result: NOTE
'LazyData' is specified without a 'data' directory
Flavors: r-devel-linux-x86_64-debian-clang, r-devel-linux-x86_64-debian-gcc, r-devel-linux-x86_64-fedora-clang, r-devel-linux-x86_64-fedora-gcc, r-devel-windows-x86_64, r-patched-linux-x86_64, r-release-linux-x86_64, r-release-macos-arm64, r-release-windows-x86_64, r-oldrel-macos-arm64, r-oldrel-macos-x86_64, r-oldrel-windows-x86_64
Version: 0.2.1
Check: package dependencies
Result: NOTE
Packages suggested but not available for checking: 'fBasics', 'Rmpfr'
Flavor: r-oldrel-macos-x86_64