Last updated on 2024-05-02 05:12:28 CEST.
Flavor | Version | Tinstall | Tcheck | Ttotal | Status | Flags |
---|---|---|---|---|---|---|
r-devel-linux-x86_64-debian-clang | 0.9.9 | 15.50 | 208.79 | 224.29 | OK | |
r-devel-linux-x86_64-debian-gcc | 0.9.9 | 12.47 | 156.58 | 169.05 | OK | |
r-devel-linux-x86_64-fedora-clang | 0.9.9 | 287.45 | NOTE | |||
r-devel-linux-x86_64-fedora-gcc | 0.9.9 | 271.69 | OK | |||
r-devel-windows-x86_64 | 0.9.9 | 13.00 | 160.00 | 173.00 | OK | |
r-patched-linux-x86_64 | 0.9.9 | 22.99 | 195.08 | 218.07 | OK | |
r-release-linux-x86_64 | 0.9.9 | 15.81 | 199.96 | 215.77 | OK | |
r-release-macos-arm64 | 0.9.9 | 81.00 | OK | |||
r-release-windows-x86_64 | 0.9.9 | 15.00 | 162.00 | 177.00 | OK | |
r-oldrel-macos-arm64 | 0.9.9 | 89.00 | OK | |||
r-oldrel-macos-x86_64 | 0.9.9 | 141.00 | OK | |||
r-oldrel-windows-x86_64 | 0.9.9 | 20.00 | 199.00 | 219.00 | OK |
Version: 0.9.9
Check: Rd cross-references
Result: NOTE
Undeclared package ‘SnowballC’ in Rd xrefs
Flavor: r-devel-linux-x86_64-fedora-clang