Last updated on 2024-03-29 04:54:27 CET.
Flavor | Version | Tinstall | Tcheck | Ttotal | Status | Flags |
---|---|---|---|---|---|---|
r-devel-linux-x86_64-debian-clang | 0.4.1 | 6.44 | 63.83 | 70.27 | OK | |
r-devel-linux-x86_64-debian-gcc | 0.4.1 | 4.57 | 47.47 | 52.04 | OK | |
r-devel-linux-x86_64-fedora-clang | 0.4.1 | 86.92 | NOTE | |||
r-devel-linux-x86_64-fedora-gcc | 0.4.1 | 155.44 | NOTE | |||
r-devel-windows-x86_64 | 0.4.1 | 6.00 | 66.00 | 72.00 | OK | |
r-patched-linux-x86_64 | 0.4.1 | 3.87 | 59.75 | 63.62 | OK | |
r-release-linux-x86_64 | 0.4.1 | 3.65 | 58.78 | 62.43 | OK | |
r-release-macos-arm64 | 0.4.1 | 48.00 | OK | |||
r-release-macos-x86_64 | 0.4.1 | 87.00 | OK | |||
r-release-windows-x86_64 | 0.4.1 | 8.00 | 74.00 | 82.00 | OK | |
r-oldrel-macos-arm64 | 0.4.1 | 41.00 | NOTE | |||
r-oldrel-windows-x86_64 | 0.4.1 | 8.00 | 76.00 | 84.00 | OK |
Version: 0.4.1
Check: dependencies in R code
Result: NOTE
Namespaces in Imports field not imported from:
‘knitr’ ‘randomNames’ ‘tidyr’
All declared Imports should be used.
Flavors: r-devel-linux-x86_64-fedora-clang, r-devel-linux-x86_64-fedora-gcc, r-oldrel-macos-arm64