Last updated on 2024-04-19 05:10:36 CEST.
Flavor | Version | Tinstall | Tcheck | Ttotal | Status | Flags |
---|---|---|---|---|---|---|
r-devel-linux-x86_64-debian-clang | 2.1 | 10.57 | 84.32 | 94.89 | NOTE | |
r-devel-linux-x86_64-debian-gcc | 2.1 | 8.43 | 64.47 | 72.90 | NOTE | |
r-devel-linux-x86_64-fedora-clang | 2.1 | 118.13 | NOTE | |||
r-devel-linux-x86_64-fedora-gcc | 2.1 | 127.22 | NOTE | |||
r-prerel-macos-arm64 | 2.1 | 37.00 | NOTE | |||
r-prerel-windows-x86_64 | 2.1 | 9.00 | 80.00 | 89.00 | NOTE | |
r-patched-linux-x86_64 | 2.1 | 6.98 | 82.83 | 89.81 | NOTE | |
r-release-linux-x86_64 | 2.1 | 6.59 | 83.10 | 89.69 | OK | |
r-release-macos-arm64 | 2.1 | 38.00 | OK | |||
r-release-macos-x86_64 | 2.1 | 66.00 | OK | |||
r-release-windows-x86_64 | 2.1 | 13.00 | 93.00 | 106.00 | OK | |
r-oldrel-macos-arm64 | 2.1 | 39.00 | OK | |||
r-oldrel-windows-x86_64 | 2.1 | 11.00 | 101.00 | 112.00 | OK |
Version: 2.1
Check: Rd files
Result: NOTE
checkRd: (-1) gini.w.Rd:20: Lost braces; missing escapes or markup?
20 | where \eqn{x_i,x_j} are incomes of individuals \eqn{i} and {j}, respectively, \eqn{n} is the number of individuals, \eqn{\mu_w} is the mean income. The Gini coefficient ranges between 1 (perfect equality) and 1 (perfect inequality).
| ^
Flavors: r-devel-linux-x86_64-debian-clang, r-devel-linux-x86_64-debian-gcc, r-devel-linux-x86_64-fedora-clang, r-devel-linux-x86_64-fedora-gcc, r-prerel-macos-arm64, r-prerel-windows-x86_64, r-patched-linux-x86_64