Last updated on 2024-05-02 05:12:28 CEST.
Flavor | Version | Tinstall | Tcheck | Ttotal | Status | Flags |
---|---|---|---|---|---|---|
r-devel-linux-x86_64-debian-clang | 1.1.1 | 6.12 | 80.99 | 87.11 | NOTE | |
r-devel-linux-x86_64-debian-gcc | 1.1.1 | 4.70 | 61.05 | 65.75 | NOTE | |
r-devel-linux-x86_64-fedora-clang | 1.1.1 | 112.89 | NOTE | |||
r-devel-linux-x86_64-fedora-gcc | 1.1.1 | 128.31 | NOTE | |||
r-devel-windows-x86_64 | 1.1.1 | 7.00 | 87.00 | 94.00 | NOTE | |
r-patched-linux-x86_64 | 1.1.1 | 5.23 | 77.87 | 83.10 | NOTE | |
r-release-linux-x86_64 | 1.1.1 | 6.31 | 78.01 | 84.32 | NOTE | |
r-release-macos-arm64 | 1.1.1 | 40.00 | NOTE | |||
r-release-windows-x86_64 | 1.1.1 | 8.00 | 83.00 | 91.00 | NOTE | |
r-oldrel-macos-arm64 | 1.1.1 | 41.00 | NOTE | |||
r-oldrel-macos-x86_64 | 1.1.1 | 63.00 | NOTE | |||
r-oldrel-windows-x86_64 | 1.1.1 | 8.00 | 91.00 | 99.00 | NOTE |
Version: 1.1.1
Check: package subdirectories
Result: NOTE
Problems with news in ‘NEWS.md’:
No news entries found.
Flavors: r-devel-linux-x86_64-debian-clang, r-devel-linux-x86_64-debian-gcc, r-devel-linux-x86_64-fedora-clang, r-devel-linux-x86_64-fedora-gcc, r-devel-windows-x86_64, r-patched-linux-x86_64, r-release-linux-x86_64, r-release-macos-arm64, r-release-windows-x86_64, r-oldrel-macos-arm64, r-oldrel-macos-x86_64, r-oldrel-windows-x86_64