Last updated on 2024-04-18 16:49:47 CEST.
Flavor | Version | Tinstall | Tcheck | Ttotal | Status | Flags |
---|---|---|---|---|---|---|
r-devel-linux-x86_64-debian-clang | 0.1.0 | 3.87 | 48.02 | 51.89 | NOTE | |
r-devel-linux-x86_64-debian-gcc | 0.1.0 | 3.26 | 35.99 | 39.25 | NOTE | |
r-devel-linux-x86_64-fedora-clang | 0.1.0 | 65.98 | NOTE | |||
r-devel-linux-x86_64-fedora-gcc | 0.1.0 | 63.28 | NOTE | |||
r-prerel-macos-arm64 | 0.1.0 | 24.00 | NOTE | |||
r-prerel-windows-x86_64 | 0.1.0 | 5.00 | 53.00 | 58.00 | NOTE | |
r-patched-linux-x86_64 | 0.1.0 | 5.12 | 45.17 | 50.29 | NOTE | |
r-release-linux-x86_64 | 0.1.0 | 3.68 | 44.32 | 48.00 | NOTE | |
r-release-macos-arm64 | 0.1.0 | 25.00 | NOTE | |||
r-release-macos-x86_64 | 0.1.0 | 31.00 | NOTE | |||
r-release-windows-x86_64 | 0.1.0 | 8.00 | 60.00 | 68.00 | NOTE | |
r-oldrel-macos-arm64 | 0.1.0 | 22.00 | NOTE | |||
r-oldrel-windows-x86_64 | 0.1.0 | 8.00 | 65.00 | 73.00 | NOTE |
Version: 0.1.0
Check: LazyData
Result: NOTE
'LazyData' is specified without a 'data' directory
Flavors: r-devel-linux-x86_64-debian-clang, r-devel-linux-x86_64-debian-gcc, r-devel-linux-x86_64-fedora-clang, r-devel-linux-x86_64-fedora-gcc, r-prerel-macos-arm64, r-prerel-windows-x86_64, r-patched-linux-x86_64, r-release-linux-x86_64, r-release-macos-arm64, r-release-macos-x86_64, r-release-windows-x86_64, r-oldrel-macos-arm64, r-oldrel-windows-x86_64