Last updated on 2024-03-29 04:54:27 CET.
Flavor | Version | Tinstall | Tcheck | Ttotal | Status | Flags |
---|---|---|---|---|---|---|
r-devel-linux-x86_64-debian-clang | 1.0-21 | 33.84 | 384.26 | 418.10 | OK | |
r-devel-linux-x86_64-debian-gcc | 1.0-21 | 28.10 | 280.52 | 308.62 | OK | |
r-devel-linux-x86_64-fedora-clang | 1.0-21 | 503.44 | OK | |||
r-devel-linux-x86_64-fedora-gcc | 1.0-21 | 508.77 | OK | |||
r-devel-windows-x86_64 | 1.0-21 | 30.00 | 292.00 | 322.00 | OK | |
r-patched-linux-x86_64 | 1.0-21 | 33.83 | 377.76 | 411.59 | OK | |
r-release-linux-x86_64 | 1.0-21 | 26.52 | 363.83 | 390.35 | OK | |
r-release-macos-arm64 | 1.0-21 | 140.00 | NOTE | |||
r-release-macos-x86_64 | 1.0-21 | 312.00 | NOTE | |||
r-release-windows-x86_64 | 1.0-21 | 39.00 | 380.00 | 419.00 | OK | |
r-oldrel-macos-arm64 | 1.0-21 | 138.00 | NOTE | |||
r-oldrel-windows-x86_64 | 1.0-21 | 40.00 | 414.00 | 454.00 | OK |
Version: 1.0-21
Check: installed package size
Result: NOTE
installed size is 5.3Mb
sub-directories of 1Mb or more:
R 2.0Mb
doc 2.7Mb
Flavors: r-release-macos-arm64, r-release-macos-x86_64, r-oldrel-macos-arm64