Last updated on 2024-05-02 05:12:28 CEST.
Flavor | Version | Tinstall | Tcheck | Ttotal | Status | Flags |
---|---|---|---|---|---|---|
r-devel-linux-x86_64-debian-clang | 1.0.1 | 12.49 | 125.31 | 137.80 | OK | |
r-devel-linux-x86_64-debian-gcc | 1.0.1 | 8.61 | 91.74 | 100.35 | OK | |
r-devel-linux-x86_64-fedora-clang | 1.0.1 | 175.71 | OK | |||
r-devel-linux-x86_64-fedora-gcc | 1.0.1 | 183.92 | OK | |||
r-devel-windows-x86_64 | 1.0.1 | 10.00 | 109.00 | 119.00 | OK | |
r-patched-linux-x86_64 | 0.0.5 | 6.93 | 118.19 | 125.12 | NOTE | |
r-release-linux-x86_64 | 0.0.5 | 7.40 | 118.26 | 125.66 | NOTE | |
r-release-macos-arm64 | 1.0.1 | 56.00 | OK | |||
r-release-macos-x86_64 | 1.0.1 | 123.00 | OK | |||
r-release-windows-x86_64 | 1.0.1 | 11.00 | 124.00 | 135.00 | OK | |
r-oldrel-macos-arm64 | 1.0.1 | 64.00 | OK | |||
r-oldrel-macos-x86_64 | 1.0.1 | 113.00 | OK | |||
r-oldrel-windows-x86_64 | 1.0.1 | 16.00 | 125.00 | 141.00 | OK |
Version: 0.0.5
Check: Rd files
Result: NOTE
checkRd: (-1) additive.Rd:140: Lost braces
140 | \item{gamma}{Increase this beyond 1 to produce smoother models. \code{gamma} multiplies the effective degrees of freedom in the GCV or UBRE/AIC. code{n/gamma} can be viewed as an effective sample size in the GCV score, and this also enables it to be used with REML/ML. Ignored with P-RE/ML or the \code{efs} optimizer. }
| ^
Flavors: r-patched-linux-x86_64, r-release-linux-x86_64