Last updated on 2024-03-29 04:54:27 CET.
Flavor | Version | Tinstall | Tcheck | Ttotal | Status | Flags |
---|---|---|---|---|---|---|
r-devel-linux-x86_64-debian-clang | 2.0-5 | 2.69 | 30.34 | 33.03 | NOTE | |
r-devel-linux-x86_64-debian-gcc | 2.0-5 | 2.20 | 23.16 | 25.36 | NOTE | |
r-devel-linux-x86_64-fedora-clang | 2.0-5 | 42.34 | NOTE | |||
r-devel-linux-x86_64-fedora-gcc | 2.0-5 | 40.35 | NOTE | |||
r-devel-windows-x86_64 | 2.0-5 | 5.00 | 50.00 | 55.00 | NOTE | |
r-patched-linux-x86_64 | 2.0-5 | 3.16 | 29.06 | 32.22 | NOTE | |
r-release-linux-x86_64 | 2.0-5 | 2.61 | 28.97 | 31.58 | NOTE | |
r-release-macos-arm64 | 2.0-5 | 20.00 | NOTE | |||
r-release-macos-x86_64 | 2.0-5 | 25.00 | NOTE | |||
r-release-windows-x86_64 | 2.0-5 | 5.00 | 50.00 | 55.00 | NOTE | |
r-oldrel-macos-arm64 | 2.0-5 | 20.00 | OK | |||
r-oldrel-windows-x86_64 | 2.0-5 | 5.00 | 52.00 | 57.00 | OK |
Version: 2.0-5
Check: Rd files
Result: NOTE
checkRd: (-1) ada.Rd:171: Escaped LaTeX specials: \&
Flavors: r-devel-linux-x86_64-debian-clang, r-devel-linux-x86_64-debian-gcc, r-devel-linux-x86_64-fedora-clang, r-devel-linux-x86_64-fedora-gcc, r-devel-windows-x86_64, r-patched-linux-x86_64, r-release-linux-x86_64, r-release-macos-arm64, r-release-macos-x86_64, r-release-windows-x86_64