Last updated on 2024-05-02 05:12:55 CEST.
Flavor | Version | Tinstall | Tcheck | Ttotal | Status | Flags |
---|---|---|---|---|---|---|
r-devel-linux-x86_64-debian-clang | 1.5.0 | 60.53 | 421.03 | 481.56 | OK | |
r-devel-linux-x86_64-debian-gcc | 1.5.0 | 41.74 | 309.80 | 351.54 | OK | |
r-devel-linux-x86_64-fedora-clang | 1.5.0 | 590.01 | OK | |||
r-devel-linux-x86_64-fedora-gcc | 1.5.0 | 577.92 | OK | |||
r-devel-windows-x86_64 | 1.5.0 | 54.00 | 323.00 | 377.00 | NOTE | |
r-patched-linux-x86_64 | 1.5.0 | 47.41 | 410.82 | 458.23 | OK | |
r-release-linux-x86_64 | 1.5.0 | 37.83 | 406.00 | 443.83 | OK | |
r-release-macos-arm64 | 1.5.0 | 153.00 | NOTE | |||
r-release-macos-x86_64 | 1.5.0 | 375.00 | NOTE | |||
r-release-windows-x86_64 | 1.5.0 | 54.00 | 322.00 | 376.00 | NOTE | |
r-oldrel-macos-arm64 | 1.5.0 | 179.00 | NOTE | |||
r-oldrel-macos-x86_64 | 1.5.0 | 386.00 | NOTE | |||
r-oldrel-windows-x86_64 | 1.5.0 | 63.00 | 550.00 | 613.00 | NOTE |
Version: 1.5.0
Check: installed package size
Result: NOTE
installed size is 5.6Mb
sub-directories of 1Mb or more:
datasets 1.6Mb
doc 1.3Mb
libs 1.0Mb
Flavors: r-devel-windows-x86_64, r-release-macos-arm64, r-release-macos-x86_64, r-release-windows-x86_64, r-oldrel-macos-arm64, r-oldrel-macos-x86_64, r-oldrel-windows-x86_64