Last updated on 2024-05-01 16:53:14 CEST.
Flavor | Version | Tinstall | Tcheck | Ttotal | Status | Flags |
---|---|---|---|---|---|---|
r-devel-linux-x86_64-debian-clang | 2.4 | 31.28 | 267.77 | 299.05 | OK | |
r-devel-linux-x86_64-debian-gcc | 2.4 | 27.40 | 210.50 | 237.90 | OK | |
r-devel-linux-x86_64-fedora-clang | 2.4 | 395.74 | OK | |||
r-devel-linux-x86_64-fedora-gcc | 2.4 | 384.38 | OK | |||
r-devel-windows-x86_64 | 2.4 | 27.00 | 199.00 | 226.00 | OK | |
r-patched-linux-x86_64 | 2.4 | 23.30 | 263.89 | 287.19 | OK | |
r-release-linux-x86_64 | 2.4 | 21.09 | 272.27 | 293.36 | OK | |
r-release-macos-arm64 | 2.4 | 105.00 | OK | |||
r-release-macos-x86_64 | 2.4 | 217.00 | OK | |||
r-release-windows-x86_64 | 2.4 | 27.00 | 370.00 | 397.00 | OK | |
r-oldrel-macos-arm64 | 2.4 | 11.00 | ERROR | |||
r-oldrel-macos-x86_64 | 2.4 | 7.00 | ERROR | |||
r-oldrel-windows-x86_64 | 2.4 | 36.00 | 489.00 | 525.00 | OK |
Version: 2.4
Check: package dependencies
Result: ERROR
Packages required but not available: 'microbiome', 'phyloseq'
See section ‘The DESCRIPTION file’ in the ‘Writing R Extensions’
manual.
Flavors: r-oldrel-macos-arm64, r-oldrel-macos-x86_64