Last updated on 2024-05-02 05:12:54 CEST.
Flavor | Version | Tinstall | Tcheck | Ttotal | Status | Flags |
---|---|---|---|---|---|---|
r-devel-linux-x86_64-debian-clang | 1.5.0 | 28.22 | 337.06 | 365.28 | OK | |
r-devel-linux-x86_64-debian-gcc | 1.5.0 | 19.64 | 242.45 | 262.09 | OK | |
r-devel-linux-x86_64-fedora-clang | 1.5.0 | 456.72 | NOTE | |||
r-devel-linux-x86_64-fedora-gcc | 1.5.0 | 494.88 | OK | |||
r-devel-windows-x86_64 | 1.5.0 | 20.00 | 198.00 | 218.00 | OK | |
r-patched-linux-x86_64 | 1.5.0 | 24.81 | 316.74 | 341.55 | OK | |
r-release-linux-x86_64 | 1.5.0 | 25.91 | 323.08 | 348.99 | OK | |
r-release-macos-arm64 | 1.5.0 | 152.00 | OK | |||
r-release-macos-x86_64 | 1.5.0 | 236.00 | OK | |||
r-release-windows-x86_64 | 1.5.0 | 20.00 | 452.00 | 472.00 | OK | |
r-oldrel-macos-arm64 | 1.5.0 | 102.00 | OK | |||
r-oldrel-macos-x86_64 | 1.5.0 | 190.00 | OK | |||
r-oldrel-windows-x86_64 | 1.5.0 | 27.00 | 257.00 | 284.00 | OK |
Version: 1.5.0
Check: Rd cross-references
Result: NOTE
Undeclared package ‘AER’ in Rd xrefs
Flavor: r-devel-linux-x86_64-fedora-clang