Last updated on 2024-04-17 16:53:22 CEST.
Flavor | Version | Tinstall | Tcheck | Ttotal | Status | Flags |
---|---|---|---|---|---|---|
r-devel-linux-x86_64-debian-clang | 1.4.0 | 32.92 | 35.78 | 68.70 | NOTE | |
r-devel-linux-x86_64-debian-gcc | 1.4.0 | 27.25 | 27.33 | 54.58 | NOTE | |
r-devel-linux-x86_64-fedora-clang | 1.4.0 | 98.08 | NOTE | |||
r-devel-linux-x86_64-fedora-gcc | 1.4.0 | 94.64 | NOTE | |||
r-prerel-macos-arm64 | 1.4.0 | 28.00 | NOTE | |||
r-prerel-windows-x86_64 | 1.4.0 | 27.00 | 65.00 | 92.00 | NOTE | |
r-patched-linux-x86_64 | 1.4.0 | 34.85 | 34.94 | 69.79 | NOTE | |
r-release-linux-x86_64 | 1.4.0 | 34.17 | 35.18 | 69.35 | NOTE | |
r-release-macos-arm64 | 1.4.0 | 28.00 | NOTE | |||
r-release-macos-x86_64 | 1.4.0 | 44.00 | NOTE | |||
r-release-windows-x86_64 | 1.4.0 | 34.00 | 76.00 | 110.00 | NOTE | |
r-oldrel-macos-arm64 | 1.4.0 | 27.00 | OK | |||
r-oldrel-windows-x86_64 | 1.4.0 | 32.00 | 76.00 | 108.00 | OK |
Version: 1.4.0
Check: C++ specification
Result: NOTE
Specified C++11: please drop specification unless essential
Flavors: r-devel-linux-x86_64-debian-clang, r-devel-linux-x86_64-debian-gcc, r-devel-linux-x86_64-fedora-clang, r-devel-linux-x86_64-fedora-gcc, r-prerel-macos-arm64, r-prerel-windows-x86_64, r-patched-linux-x86_64, r-release-linux-x86_64, r-release-macos-arm64, r-release-macos-x86_64, r-release-windows-x86_64