Last updated on 2024-04-28 04:58:54 CEST.
Flavor | Version | Tinstall | Tcheck | Ttotal | Status | Flags |
---|---|---|---|---|---|---|
r-devel-linux-x86_64-debian-clang | 0.0.4 | 21.44 | 49.39 | 70.83 | NOTE | |
r-devel-linux-x86_64-debian-gcc | 0.0.4 | 15.19 | 38.61 | 53.80 | NOTE | |
r-devel-linux-x86_64-fedora-clang | 0.0.4 | 94.54 | NOTE | |||
r-devel-linux-x86_64-fedora-gcc | 0.0.4 | 95.59 | NOTE | |||
r-devel-windows-x86_64 | 0.0.4 | 19.00 | 87.00 | 106.00 | NOTE | |
r-patched-linux-x86_64 | 0.0.4 | 21.50 | 50.45 | 71.95 | OK | |
r-release-linux-x86_64 | 0.0.4 | 20.60 | 51.82 | 72.42 | OK | |
r-release-macos-arm64 | 0.0.4 | 31.00 | OK | |||
r-release-windows-x86_64 | 0.0.4 | 19.00 | 88.00 | 107.00 | OK | |
r-oldrel-macos-arm64 | 0.0.4 | 32.00 | OK | |||
r-oldrel-macos-x86_64 | 0.0.4 | 69.00 | OK | |||
r-oldrel-windows-x86_64 | 0.0.4 | 21.00 | 100.00 | 121.00 | OK |
Version: 0.0.4
Check: compiled code
Result: NOTE
File ‘RcppInt64/libs/RcppInt64.so’:
Found non-API call to R: ‘SET_S4_OBJECT’
Compiled code should not call non-API entry points in R.
See ‘Writing portable packages’ in the ‘Writing R Extensions’ manual.
Flavors: r-devel-linux-x86_64-debian-clang, r-devel-linux-x86_64-debian-gcc, r-devel-linux-x86_64-fedora-clang, r-devel-linux-x86_64-fedora-gcc
Version: 0.0.4
Check: compiled code
Result: NOTE
File 'RcppInt64/libs/x64/RcppInt64.dll':
Found non-API call to R: 'SET_S4_OBJECT'
Compiled code should not call non-API entry points in R.
See 'Writing portable packages' in the 'Writing R Extensions' manual.
Flavor: r-devel-windows-x86_64