Last updated on 2024-04-28 04:58:54 CEST.
Flavor | Version | Tinstall | Tcheck | Ttotal | Status | Flags |
---|---|---|---|---|---|---|
r-devel-linux-x86_64-debian-clang | 1.0.12 | 68.89 | 90.47 | 159.36 | OK | |
r-devel-linux-x86_64-debian-gcc | 1.0.12 | 40.05 | 68.83 | 108.88 | OK | |
r-devel-linux-x86_64-fedora-clang | 1.0.12 | 217.19 | NOTE | |||
r-devel-linux-x86_64-fedora-gcc | 1.0.12 | 226.20 | NOTE | |||
r-devel-windows-x86_64 | 1.0.12 | 3.00 | 6.00 | 9.00 | ERROR | |
r-patched-linux-x86_64 | 1.0.12 | 65.25 | 87.69 | 152.94 | OK | |
r-release-linux-x86_64 | 1.0.12 | 67.60 | 86.50 | 154.10 | OK | |
r-release-macos-arm64 | 1.0.12 | 65.00 | NOTE | |||
r-release-windows-x86_64 | 1.0.12 | 52.00 | 209.00 | 261.00 | NOTE | |
r-oldrel-macos-arm64 | 1.0.12 | 85.00 | NOTE | |||
r-oldrel-macos-x86_64 | 1.0.12 | 204.00 | NOTE | |||
r-oldrel-windows-x86_64 | 1.0.12 | 56.00 | 189.00 | 245.00 | NOTE |
Version: 1.0.12
Check: installed package size
Result: NOTE
installed size is 10.2Mb
sub-directories of 1Mb or more:
doc 1.1Mb
include 6.4Mb
tinytest 1.0Mb
Flavors: r-devel-linux-x86_64-fedora-clang, r-release-macos-arm64, r-release-windows-x86_64, r-oldrel-macos-arm64, r-oldrel-macos-x86_64, r-oldrel-windows-x86_64
Version: 1.0.12
Check: foreign function calls
Result: NOTE
Registration problem:
symbol ‘symbol’ in the local frame:
.Call(symbol)
See chapter ‘System and foreign language interfaces’ in the ‘Writing R
Extensions’ manual.
Flavors: r-devel-linux-x86_64-fedora-clang, r-devel-linux-x86_64-fedora-gcc
Version: 1.0.12
Check: whether package can be installed
Result: ERROR
Installation failed.
Flavor: r-devel-windows-x86_64