Last updated on 2024-05-01 16:53:07 CEST.
Flavor | Version | Tinstall | Tcheck | Ttotal | Status | Flags |
---|---|---|---|---|---|---|
r-devel-linux-x86_64-debian-clang | 1.98-1.14 | 23.14 | 54.09 | 77.23 | NOTE | |
r-devel-linux-x86_64-debian-gcc | 1.98-1.14 | 16.43 | 40.99 | 57.42 | NOTE | |
r-devel-linux-x86_64-fedora-clang | 1.98-1.14 | 98.83 | NOTE | |||
r-devel-linux-x86_64-fedora-gcc | 1.98-1.14 | 97.02 | NOTE | |||
r-devel-windows-x86_64 | 1.98-1.14 | 24.00 | 5.00 | 29.00 | ERROR | |
r-patched-linux-x86_64 | 1.98-1.14 | 22.36 | 52.25 | 74.61 | NOTE | |
r-release-linux-x86_64 | 1.98-1.14 | 20.39 | 52.50 | 72.89 | NOTE | |
r-release-macos-arm64 | 1.98-1.14 | 160.00 | NOTE | |||
r-release-windows-x86_64 | 1.98-1.14 | 24.00 | 5.00 | 29.00 | ERROR | |
r-oldrel-macos-arm64 | 1.98-1.14 | 161.00 | NOTE | |||
r-oldrel-macos-x86_64 | 1.98-1.14 | 218.00 | NOTE | |||
r-oldrel-windows-x86_64 | 1.98-1.14 | 41.00 | 201.00 | 242.00 | NOTE |
Version: 1.98-1.14
Check: for GNU extensions in Makefiles
Result: NOTE
GNU make is a SystemRequirements.
Flavors: r-devel-linux-x86_64-debian-clang, r-devel-linux-x86_64-debian-gcc, r-devel-linux-x86_64-fedora-clang, r-devel-linux-x86_64-fedora-gcc, r-patched-linux-x86_64, r-release-linux-x86_64, r-release-macos-arm64, r-oldrel-macos-arm64, r-oldrel-macos-x86_64, r-oldrel-windows-x86_64
Version: 1.98-1.14
Check: whether package can be installed
Result: ERROR
Installation failed.
Flavors: r-devel-windows-x86_64, r-release-windows-x86_64
Version: 1.98-1.14
Check: installed package size
Result: NOTE
installed size is 10.3Mb
sub-directories of 1Mb or more:
libs 8.3Mb
Flavor: r-oldrel-windows-x86_64