Last updated on 2024-05-02 05:12:48 CEST.
Flavor | Version | Tinstall | Tcheck | Ttotal | Status | Flags |
---|---|---|---|---|---|---|
r-devel-linux-x86_64-debian-clang | 1.2.0 | 259.74 | 122.22 | 381.96 | OK | |
r-devel-linux-x86_64-debian-gcc | 1.2.0 | 250.95 | 90.16 | 341.11 | OK | |
r-devel-linux-x86_64-fedora-clang | 1.2.0 | 448.02 | OK | |||
r-devel-linux-x86_64-fedora-gcc | 1.2.0 | 648.70 | OK | |||
r-devel-windows-x86_64 | 1.2.0 | 181.00 | 153.00 | 334.00 | NOTE | |
r-patched-linux-x86_64 | 1.2.0 | 210.47 | 115.05 | 325.52 | OK | |
r-release-linux-x86_64 | 1.2.0 | 224.68 | 113.41 | 338.09 | OK | |
r-release-macos-arm64 | 1.2.0 | 130.00 | NOTE | |||
r-release-windows-x86_64 | 1.2.0 | 189.00 | 149.00 | 338.00 | NOTE | |
r-oldrel-macos-arm64 | 1.2.0 | 115.00 | NOTE | |||
r-oldrel-macos-x86_64 | 1.2.0 | 320.00 | NOTE | |||
r-oldrel-windows-x86_64 | 1.2.0 | 248.00 | 184.00 | 432.00 | NOTE |
Version: 1.2.0
Check: installed package size
Result: NOTE
installed size is 26.3Mb
sub-directories of 1Mb or more:
libs 25.6Mb
Flavors: r-devel-windows-x86_64, r-release-macos-arm64, r-release-windows-x86_64, r-oldrel-macos-arm64, r-oldrel-macos-x86_64, r-oldrel-windows-x86_64