Last updated on 2024-05-02 05:12:45 CEST.
Flavor | Version | Tinstall | Tcheck | Ttotal | Status | Flags |
---|---|---|---|---|---|---|
r-devel-linux-x86_64-debian-clang | 0.2.4 | 13.86 | 156.34 | 170.20 | OK | |
r-devel-linux-x86_64-debian-gcc | 0.2.4 | 12.16 | 116.79 | 128.95 | OK | |
r-devel-linux-x86_64-fedora-clang | 0.2.4 | 215.42 | NOTE | |||
r-devel-linux-x86_64-fedora-gcc | 0.2.4 | 216.54 | NOTE | |||
r-devel-windows-x86_64 | 0.2.4 | 13.00 | 130.00 | 143.00 | OK | |
r-patched-linux-x86_64 | 0.2.4 | 10.32 | 147.73 | 158.05 | OK | |
r-release-linux-x86_64 | 0.2.4 | 10.06 | 150.69 | 160.75 | OK | |
r-release-macos-arm64 | 0.2.4 | 58.00 | OK | |||
r-release-windows-x86_64 | 0.2.4 | 13.00 | 132.00 | 145.00 | OK | |
r-oldrel-macos-arm64 | 0.2.4 | 66.00 | OK | |||
r-oldrel-macos-x86_64 | 0.2.4 | 116.00 | OK | |||
r-oldrel-windows-x86_64 | 0.2.4 | 19.00 | 163.00 | 182.00 | OK |
Version: 0.2.4
Check: dependencies in R code
Result: NOTE
Namespaces in Imports field not imported from:
‘Matrix’ ‘e1071’ ‘glmnet’
All declared Imports should be used.
Flavors: r-devel-linux-x86_64-fedora-clang, r-devel-linux-x86_64-fedora-gcc