Last updated on 2024-03-29 04:54:40 CET.
Flavor | Version | Tinstall | Tcheck | Ttotal | Status | Flags |
---|---|---|---|---|---|---|
r-devel-linux-x86_64-debian-clang | 1.4.2 | 11.45 | 94.70 | 106.15 | NOTE | |
r-devel-linux-x86_64-debian-gcc | 1.4.2 | 8.20 | 69.44 | 77.64 | NOTE | |
r-devel-linux-x86_64-fedora-clang | 1.4.2 | 143.54 | NOTE | |||
r-devel-linux-x86_64-fedora-gcc | 1.4.2 | 127.39 | NOTE | |||
r-devel-windows-x86_64 | 1.4.2 | 11.00 | 83.00 | 94.00 | ERROR | |
r-patched-linux-x86_64 | 1.4.2 | 16.83 | 91.63 | 108.46 | NOTE | |
r-release-linux-x86_64 | 1.4.2 | 11.08 | 91.50 | 102.58 | OK | |
r-release-macos-arm64 | 1.4.2 | 39.00 | OK | |||
r-release-macos-x86_64 | 1.4.2 | 61.00 | OK | |||
r-release-windows-x86_64 | 1.4.2 | 14.00 | 121.00 | 135.00 | OK | |
r-oldrel-macos-arm64 | 1.4.2 | 36.00 | OK | |||
r-oldrel-windows-x86_64 | 1.4.2 | 15.00 | 116.00 | 131.00 | OK |
Version: 1.4.2
Check: Rd files
Result: NOTE
checkRd: (-1) MFCF.Rd:35-36: Lost braces in \itemize; meant \describe ?
checkRd: (-1) MFCF.Rd:39-40: Lost braces in \itemize; meant \describe ?
checkRd: (-1) MFCF.Rd:43-44: Lost braces in \itemize; meant \describe ?
checkRd: (-1) MFCF.Rd:47-48: Lost braces in \itemize; meant \describe ?
checkRd: (-1) comm.str.Rd:24-25: Lost braces in \itemize; meant \describe ?
checkRd: (-1) comm.str.Rd:28-29: Lost braces in \itemize; meant \describe ?
checkRd: (-1) cpm.Rd:153-160: Lost braces in \itemize; meant \describe ?
checkRd: (-1) cpm.Rd:164-166: Lost braces in \itemize; meant \describe ?
checkRd: (-1) cpm.Rd:170-174: Lost braces in \itemize; meant \describe ?
checkRd: (-1) cpm.Rd:178-179: Lost braces in \itemize; meant \describe ?
checkRd: (-1) cpm.Rd:183-184: Lost braces in \itemize; meant \describe ?
checkRd: (-1) cpm.Rd:188: Lost braces in \itemize; meant \describe ?
checkRd: (-1) dCor.Rd:18: Lost braces in \itemize; meant \describe ?
checkRd: (-1) dCor.Rd:21: Lost braces in \itemize; meant \describe ?
checkRd: (-1) gain.functions.Rd:79-81: Lost braces in \itemize; meant \describe ?
checkRd: (-1) gain.functions.Rd:85-87: Lost braces in \itemize; meant \describe ?
checkRd: (-1) gain.functions.Rd:91-96: Lost braces in \itemize; meant \describe ?
checkRd: (-1) gain.functions.Rd:40-41: Lost braces in \itemize; meant \describe ?
checkRd: (-1) gain.functions.Rd:44-45: Lost braces in \itemize; meant \describe ?
checkRd: (-1) gain.functions.Rd:48-49: Lost braces in \itemize; meant \describe ?
checkRd: (-1) gain.functions.Rd:52-53: Lost braces in \itemize; meant \describe ?
checkRd: (-1) gain.functions.Rd:56-57: Lost braces in \itemize; meant \describe ?
checkRd: (-1) gain.functions.Rd:60-61: Lost braces in \itemize; meant \describe ?
checkRd: (-1) openness.Rd:15: Lost braces in \itemize; meant \describe ?
checkRd: (-1) openness.Rd:18: Lost braces in \itemize; meant \describe ?
checkRd: (-1) openness.Rd:21: Lost braces in \itemize; meant \describe ?
checkRd: (-1) openness.Rd:24: Lost braces in \itemize; meant \describe ?
checkRd: (-1) openness.Rd:27: Lost braces in \itemize; meant \describe ?
checkRd: (-1) openness.Rd:30-32: Lost braces in \itemize; meant \describe ?
checkRd: (-1) openness.Rd:35: Lost braces in \itemize; meant \describe ?
checkRd: (-1) sim.chordal.Rd:26-30: Lost braces in \itemize; meant \describe ?
Flavors: r-devel-linux-x86_64-debian-clang, r-devel-linux-x86_64-debian-gcc, r-devel-linux-x86_64-fedora-clang, r-devel-linux-x86_64-fedora-gcc, r-devel-windows-x86_64, r-patched-linux-x86_64
Version: 1.4.2
Check: examples
Result: ERROR
Running examples in 'NetworkToolbox-Ex.R' failed
The error most likely occurred in:
> ### Name: betweenness
> ### Title: Betweenness Centrality
> ### Aliases: betweenness
>
> ### ** Examples
>
> # Pearson's correlation only for CRAN checks
> A <- TMFG(neoOpen, normal = FALSE)$A
>
> #Weighted BC
> BCw <- betweenness(A)
Flavor: r-devel-windows-x86_64