Last updated on 2024-05-02 05:12:42 CEST.
Flavor | Version | Tinstall | Tcheck | Ttotal | Status | Flags |
---|---|---|---|---|---|---|
r-devel-linux-x86_64-debian-clang | 1.2.0 | 8.85 | 100.10 | 108.95 | NOTE | |
r-devel-linux-x86_64-debian-gcc | 1.2.0 | 8.21 | 73.71 | 81.92 | NOTE | |
r-devel-linux-x86_64-fedora-clang | 1.2.0 | 137.97 | NOTE | |||
r-devel-linux-x86_64-fedora-gcc | 1.2.0 | 149.62 | NOTE | |||
r-devel-windows-x86_64 | 1.2.0 | 9.00 | 86.00 | 95.00 | OK | |
r-patched-linux-x86_64 | 1.2.0 | 9.91 | 94.46 | 104.37 | NOTE | |
r-release-linux-x86_64 | 1.2.0 | 10.81 | 97.77 | 108.58 | NOTE | |
r-release-macos-arm64 | 1.2.0 | 44.00 | OK | |||
r-release-windows-x86_64 | 1.2.0 | 9.00 | 84.00 | 93.00 | OK | |
r-oldrel-macos-arm64 | 1.2.0 | 48.00 | OK | |||
r-oldrel-macos-x86_64 | 1.2.0 | 79.00 | OK | |||
r-oldrel-windows-x86_64 | 1.2.0 | 12.00 | 101.00 | 113.00 | OK |
Version: 1.2.0
Check: for non-standard things in the check directory
Result: NOTE
Found the following files/directories:
‘cycHumanBloodData.csv’ ‘cycHumanBloodDesign.csv’
‘cycMouseLiverProtein.txt’ ‘cycMouseLiverRNA.csv’ ‘cycSimu4h2d.csv’
‘cycYeastCycle.csv’ ‘example’
Flavors: r-devel-linux-x86_64-debian-clang, r-devel-linux-x86_64-debian-gcc, r-devel-linux-x86_64-fedora-clang, r-devel-linux-x86_64-fedora-gcc, r-patched-linux-x86_64, r-release-linux-x86_64