Last updated on 2024-05-01 16:53:02 CEST.
Flavor | Version | Tinstall | Tcheck | Ttotal | Status | Flags |
---|---|---|---|---|---|---|
r-devel-linux-x86_64-debian-clang | 1.3.7 | 19.23 | 323.38 | 342.61 | OK | |
r-devel-linux-x86_64-debian-gcc | 1.3.7 | 15.45 | 237.25 | 252.70 | OK | |
r-devel-linux-x86_64-fedora-clang | 1.3.7 | 428.29 | NOTE | |||
r-devel-linux-x86_64-fedora-gcc | 1.3.7 | 434.57 | NOTE | |||
r-devel-windows-x86_64 | 1.3.7 | 17.00 | 186.00 | 203.00 | OK | |
r-patched-linux-x86_64 | 1.3.7 | 11.96 | 300.71 | 312.67 | OK | |
r-release-linux-x86_64 | 1.3.7 | 20.25 | 292.76 | 313.01 | OK | |
r-release-macos-arm64 | 1.3.7 | 102.00 | OK | |||
r-release-windows-x86_64 | 1.3.7 | 18.00 | 191.00 | 209.00 | OK | |
r-oldrel-macos-arm64 | 1.3.7 | 116.00 | OK | |||
r-oldrel-macos-x86_64 | 1.3.7 | 176.00 | OK | |||
r-oldrel-windows-x86_64 | 1.3.7 | 24.00 | 246.00 | 270.00 | OK |
Version: 1.3.7
Check: dependencies in R code
Result: NOTE
Namespace in Imports field not imported from: ‘ranger’
All declared Imports should be used.
Flavors: r-devel-linux-x86_64-fedora-clang, r-devel-linux-x86_64-fedora-gcc