Last updated on 2024-05-01 16:53:02 CEST.
Flavor | Version | Tinstall | Tcheck | Ttotal | Status | Flags |
---|---|---|---|---|---|---|
r-devel-linux-x86_64-debian-clang | 0.3.3 | 40.81 | 278.68 | 319.49 | NOTE | |
r-devel-linux-x86_64-debian-gcc | 0.3.3 | 29.03 | 204.52 | 233.55 | NOTE | |
r-devel-linux-x86_64-fedora-clang | 0.3.3 | 408.72 | NOTE | |||
r-devel-linux-x86_64-fedora-gcc | 0.3.3 | 379.35 | NOTE | |||
r-devel-windows-x86_64 | 0.3.3 | 30.00 | 191.00 | 221.00 | NOTE | |
r-patched-linux-x86_64 | 0.3.3 | 33.11 | 260.23 | 293.34 | NOTE | |
r-release-linux-x86_64 | 0.3.3 | 33.08 | 263.12 | 296.20 | NOTE | |
r-release-macos-arm64 | 0.3.3 | 96.00 | NOTE | |||
r-release-macos-x86_64 | 0.3.3 | 198.00 | OK | |||
r-release-windows-x86_64 | 0.3.3 | 30.00 | 195.00 | 225.00 | NOTE | |
r-oldrel-macos-arm64 | 0.3.3 | 84.00 | OK | |||
r-oldrel-macos-x86_64 | 0.3.3 | 173.00 | OK | |||
r-oldrel-windows-x86_64 | 0.3.3 | 40.00 | 254.00 | 294.00 | OK |
Version: 0.3.3
Check: Rd files
Result: NOTE
checkRd: (-1) SignalProcessing.Rd:42: Lost braces; missing escapes or markup?
42 | \item{calibrateIntensity_method}{a \code{character} indicating the intensities calibration method used (\code{"TIC"} method by default). This calibration method can be remplaced by \code{"PQN"} or {"median"}.See \code{calibrateIntensity-methods} of the \code{MALDIquant} R package for details.}
| ^
Flavors: r-devel-linux-x86_64-debian-clang, r-devel-linux-x86_64-debian-gcc, r-devel-linux-x86_64-fedora-clang, r-devel-linux-x86_64-fedora-gcc, r-devel-windows-x86_64, r-patched-linux-x86_64, r-release-linux-x86_64, r-release-macos-arm64, r-release-windows-x86_64