Last updated on 2024-04-27 04:55:15 CEST.
Flavor | Version | Tinstall | Tcheck | Ttotal | Status | Flags |
---|---|---|---|---|---|---|
r-devel-linux-x86_64-debian-clang | 1.0.1 | 7.63 | 110.47 | 118.10 | OK | |
r-devel-linux-x86_64-debian-gcc | 1.0.1 | 5.35 | 83.02 | 88.37 | OK | |
r-devel-linux-x86_64-fedora-clang | 1.0.1 | 143.42 | NOTE | |||
r-devel-linux-x86_64-fedora-gcc | 1.0.1 | 155.36 | NOTE | |||
r-devel-windows-x86_64 | 1.0.1 | 9.00 | 106.00 | 115.00 | OK | |
r-patched-linux-x86_64 | 1.0.1 | 4.76 | 109.05 | 113.81 | OK | |
r-release-linux-x86_64 | 1.0.1 | 7.34 | 107.24 | 114.58 | OK | |
r-release-macos-arm64 | 1.0.1 | 69.00 | OK | |||
r-release-windows-x86_64 | 1.0.1 | 9.00 | 103.00 | 112.00 | OK | |
r-oldrel-macos-arm64 | 1.0.1 | 63.00 | OK | |||
r-oldrel-macos-x86_64 | 1.0.1 | 91.00 | OK | |||
r-oldrel-windows-x86_64 | 1.0.1 | 13.00 | 126.00 | 139.00 | OK |
Version: 1.0.1
Check: dependencies in R code
Result: NOTE
Namespace in Imports field not imported from: ‘nlme’
All declared Imports should be used.
Flavors: r-devel-linux-x86_64-fedora-clang, r-devel-linux-x86_64-fedora-gcc