Last updated on 2024-05-02 05:12:42 CEST.
Flavor | Version | Tinstall | Tcheck | Ttotal | Status | Flags |
---|---|---|---|---|---|---|
r-devel-linux-x86_64-debian-clang | 0.1.0 | 1.34 | 20.14 | 21.48 | NOTE | |
r-devel-linux-x86_64-debian-gcc | 0.1.0 | 1.21 | 15.60 | 16.81 | NOTE | |
r-devel-linux-x86_64-fedora-clang | 0.1.0 | 28.46 | NOTE | |||
r-devel-linux-x86_64-fedora-gcc | 0.1.0 | 26.50 | NOTE | |||
r-devel-windows-x86_64 | 0.1.0 | 3.00 | 36.00 | 39.00 | NOTE | |
r-patched-linux-x86_64 | 0.1.0 | 1.82 | 19.44 | 21.26 | NOTE | |
r-release-linux-x86_64 | 0.1.0 | 1.36 | 19.27 | 20.63 | NOTE | |
r-release-macos-arm64 | 0.1.0 | 14.00 | NOTE | |||
r-release-windows-x86_64 | 0.1.0 | 3.00 | 37.00 | 40.00 | NOTE | |
r-oldrel-macos-arm64 | 0.1.0 | 17.00 | NOTE | |||
r-oldrel-macos-x86_64 | 0.1.0 | 19.00 | NOTE | |||
r-oldrel-windows-x86_64 | 0.1.0 | 4.00 | 36.00 | 40.00 | NOTE |
Version: 0.1.0
Check: LazyData
Result: NOTE
'LazyData' is specified without a 'data' directory
Flavors: r-devel-linux-x86_64-debian-clang, r-devel-linux-x86_64-debian-gcc, r-devel-linux-x86_64-fedora-clang, r-devel-linux-x86_64-fedora-gcc, r-devel-windows-x86_64, r-patched-linux-x86_64, r-release-linux-x86_64, r-release-macos-arm64, r-release-windows-x86_64, r-oldrel-macos-arm64, r-oldrel-macos-x86_64, r-oldrel-windows-x86_64
Version: 0.1.0
Check: dependencies in R code
Result: NOTE
Namespaces in Imports field not imported from:
‘MASS’ ‘datasets’ ‘dplyr’ ‘psych’ ‘shiny’
All declared Imports should be used.
Flavors: r-devel-linux-x86_64-fedora-clang, r-devel-linux-x86_64-fedora-gcc