Last updated on 2024-03-28 16:48:36 CET.
Flavor | Version | Tinstall | Tcheck | Ttotal | Status | Flags |
---|---|---|---|---|---|---|
r-devel-linux-x86_64-debian-clang | 1.0 | 2.21 | 33.41 | 35.62 | OK | |
r-devel-linux-x86_64-debian-gcc | 1.0 | 1.76 | 26.62 | 28.38 | OK | |
r-devel-linux-x86_64-fedora-clang | 1.0 | 53.51 | OK | |||
r-devel-linux-x86_64-fedora-gcc | 1.0 | 64.66 | OK | |||
r-devel-windows-x86_64 | 1.0 | 2.00 | 75.00 | 77.00 | OK | |
r-patched-linux-x86_64 | 1.0 | 2.17 | 33.74 | 35.91 | OK | |
r-release-linux-x86_64 | 1.0 | 1.85 | 37.38 | 39.23 | OK | |
r-release-macos-arm64 | 1.0 | 32.00 | OK | |||
r-release-macos-x86_64 | 1.0 | 47.00 | OK | |||
r-release-windows-x86_64 | 1.0 | 4.00 | 77.00 | 81.00 | OK | |
r-oldrel-macos-arm64 | 1.0 | 22.00 | NOTE | |||
r-oldrel-windows-x86_64 | 1.0 | 4.00 | 78.00 | 82.00 | OK |
Version: 1.0
Check: re-building of vignette outputs
Result: NOTE
Error(s) in re-building vignettes:
...
--- re-building ‘LFDREmpiricalBayes.Rnw’ using Sweave
Error: processing vignette 'LFDREmpiricalBayes.Rnw' failed with diagnostics:
chunk 4 (label = generating artificial SNPs)
Error in library(LFDR.MLE) : there is no package called ‘LFDR.MLE’
--- failed re-building ‘LFDREmpiricalBayes.Rnw’
SUMMARY: processing the following file failed:
‘LFDREmpiricalBayes.Rnw’
Error: Vignette re-building failed.
Execution halted
Flavor: r-oldrel-macos-arm64