Last updated on 2024-05-02 05:12:40 CEST.
Flavor | Version | Tinstall | Tcheck | Ttotal | Status | Flags |
---|---|---|---|---|---|---|
r-devel-linux-x86_64-debian-clang | 1.0.1 | 4.26 | 29.96 | 34.22 | NOTE | |
r-devel-linux-x86_64-debian-gcc | 1.0.1 | 2.96 | 22.34 | 25.30 | NOTE | |
r-devel-linux-x86_64-fedora-clang | 1.0.1 | 41.64 | NOTE | |||
r-devel-linux-x86_64-fedora-gcc | 1.0.1 | 39.25 | NOTE | |||
r-devel-windows-x86_64 | 1.0.1 | 5.00 | 46.00 | 51.00 | NOTE | |
r-patched-linux-x86_64 | 1.0.1 | 4.51 | 28.65 | 33.16 | NOTE | |
r-release-linux-x86_64 | 1.0.1 | 3.78 | 27.90 | 31.68 | NOTE | |
r-release-macos-arm64 | 1.0.1 | 19.00 | NOTE | |||
r-release-windows-x86_64 | 1.0.1 | 7.00 | 47.00 | 54.00 | NOTE | |
r-oldrel-macos-arm64 | 1.0.1 | 22.00 | OK | |||
r-oldrel-macos-x86_64 | 1.0.1 | 38.00 | OK | |||
r-oldrel-windows-x86_64 | 1.0.1 | 5.00 | 44.00 | 49.00 | OK |
Version: 1.0.1
Check: Rd files
Result: NOTE
checkRd: (-1) Kira-package.Rd:23: Lost braces in \itemize; meant \describe ?
checkRd: (-1) Kira-package.Rd:24: Lost braces in \itemize; meant \describe ?
checkRd: (-1) Kira-package.Rd:25: Lost braces in \itemize; meant \describe ?
checkRd: (-1) Kira-package.Rd:26: Lost braces in \itemize; meant \describe ?
Flavors: r-devel-linux-x86_64-debian-clang, r-devel-linux-x86_64-debian-gcc, r-devel-linux-x86_64-fedora-clang, r-devel-linux-x86_64-fedora-gcc, r-devel-windows-x86_64, r-patched-linux-x86_64, r-release-linux-x86_64, r-release-macos-arm64, r-release-windows-x86_64